b(q) = q**2 - 5*q + 5. Let r be b(i). Calculate the greatest common factor of 11 and r.
11
Let w(r) = -8*r + 4. Let b = -50 + 13. Let a = 36 + b. Let n be w(a). What is the greatest common factor of n and 8?
4
Suppose 18*j = 41*j - 3795. Calculate the greatest common factor of 60 and j.
15
Let o = 72 + -91. Let l = 89 + o. What is the highest common factor of 60 and l?
10
Suppose 11*b - 15*b + 2*i = -1236, 3*i + 294 = b. Calculate the greatest common divisor of b and 3978.
78
Let u(a) = 116*a + 1292. Let b be u(-9). What is the greatest common factor of 217 and b?
31
Let c(z) = -2*z**3 - 97*z**2 + 252*z + 69. Let a be c(-51). Calculate the greatest common divisor of 814 and a.
74
Suppose 22*t - 86 = -2*b + 24*t, 255 = 5*b + 3*t. Calculate the greatest common divisor of 24 and b.
24
Suppose 4*q = -5*y + 7272, -4*y + 0*q + q = -5847. What is the highest common factor of y and 120?
20
Let a be 111*1 - ((-12)/258 - 510/129). What is the greatest common divisor of 1840 and a?
115
Suppose 51 = 9*o - 57. Suppose -6*w = -o*w + 84. Calculate the highest common divisor of 2 and w.
2
Let o = -17 + 27. Suppose 0 = -y - 3*m + 70, o*y - 5*y = 2*m + 350. What is the highest common factor of y and 175?
35
Let s be 1994 - 36/(-13 - -15). Calculate the highest common divisor of s and 608.
152
Let o be ((-96)/(-14))/(28/1176). Calculate the highest common divisor of 544 and o.
32
Let v = 186 - 131. Let b = -47 + v. Let a be (-24)/(-9)*60/8. What is the greatest common factor of a and b?
4
Suppose 0 = 7*c + 23*c - 27493 - 91187. What is the greatest common divisor of c and 276?
92
Let z be (84 - 119)*(641/(-7) + 3/1). Calculate the highest common divisor of z and 180.
20
Let j = 1963 + -1522. What is the highest common divisor of j and 168?
21
Let g = -31 + 32. Let o be ((-5)/(10/(-104)))/g. Suppose 7*w - 10*w + 1086 = -2*s, -4*w - 3*s = -1465. What is the highest common divisor of w and o?
52
Let c be (336/(-10))/(70/100*28/(-1813)). What is the greatest common divisor of 147 and c?
21
Let l be (11 + -12)/(2/(-6))*5. Let u(w) = w**3 + 4*w**2 - 24*w - 50. Let i be u(-5). Calculate the greatest common divisor of i and l.
15
Let f be 41/5 - 1/5. Let j be 3 + -2 - (-5 - -1)*1. Suppose 4*a + 6 = -j*w + 28, -2*w = -3*a - 18. Calculate the highest common divisor of f and w.
2
Let j(s) be the second derivative of -19/2*s**2 + 1/3*s**3 - 7*s - 3/2*s**4 + 0 + 1/20*s**5. Let z be j(18). What is the highest common factor of 17 and z?
17
Let u(s) = -s**3 - 26*s**2 + 30. Let h be u(-26). Let j be 22/(-187) + 924/51. Calculate the greatest common divisor of j and h.
6
Suppose i - 9794 = 119*i. Suppose -3*k - 218 = 2*u, u = 4*u + k + 334. Let f = i - u. Calculate the highest common factor of 145 and f.
29
Suppose 8914 = 92*t - 12890. Calculate the highest common factor of t and 93.
3
Suppose 0*z = 3*y + 4*z - 11, 0 = 3*y - 2*z - 35. Let t be (-602)/(-8) - (y - 350/40). What is the highest common factor of t and 675?
75
Suppose 0 = -u - 62*d + 63*d + 265, -5*d = 6*u - 1535. Calculate the greatest common factor of u and 2380.
20
Suppose 0 = 4*z - 3*l + 2246 - 2429, 0 = -4*z - 5*l + 175. Let q be (-2)/3 - (-83)/3. What is the highest common factor of q and z?
9
Let g(s) = 4*s**3 - 4*s**2 - 11*s - 20. Let r be g(5). What is the greatest common factor of r and 130?
65
Suppose -14*j = -9*j - 3*v - 2643, 0 = 5*j - 4*v - 2639. Calculate the highest common factor of 236 and j.
59
Let y be (-132)/2*(-4)/(-3). Let f = y - -173. What is the greatest common factor of 17 and f?
17
Let m = 14889 - 14497. What is the highest common factor of 6272 and m?
392
Suppose -2*h + 5*m + 303 = 0, -4*h + 110*m = 109*m - 651. What is the highest common divisor of 451 and h?
41
Suppose -2*j = -14*j + 51837 + 183555. What is the greatest common factor of j and 32?
32
Let z be 6*(15 + -14)/(1/14). Let c = z - 49. Calculate the highest common factor of c and 70.
35
Let k = 255 - 235. Let n be ((-95)/k)/(2/(-16)). Calculate the greatest common divisor of 95 and n.
19
Suppose -5*o + 70 = 10. Let b be ((-3)/o)/(2/(-8)). Let v be ((-40)/12 - -3)/(b/(-33)). What is the highest common factor of 1 and v?
1
Let k(l) = -29*l - 3 - 9 + 26*l + 3. Let u be k(-6). Calculate the greatest common factor of 2 and u.
1
Suppose 5*z = o - 275, 85*o - 89*o - 4*z + 932 = 0. Calculate the highest common factor of o and 2220.
60
Let z be (-1958)/(-6) + 108/(-81). Suppose 4*o - 3*o = -3*j + z, -4*j = -2*o - 420. Suppose -11*t = -190 - j. Calculate the greatest common divisor of 3 and t.
3
Let x(k) = k**3 + 3*k**2 - 1. Let u be x(-3). Let h be ((-91)/4)/(u/4). Suppose -26*b = -42*b + 208. Calculate the highest common factor of b and h.
13
Suppose 12 = -5*t + 2, 5*t = -3*x + 26. Let r = -2913 + 2919. Calculate the greatest common factor of r and x.
6
Let z = 24 - 3. Let i(b) = 28*b + 30 - 12 - z - 12*b**2 + b**3. Let h be i(9). Calculate the highest common divisor of h and 15.
3
Suppose 79*u - 21382 = 25544. Calculate the highest common factor of u and 187.
11
Suppose -12*n = -15 - 609. What is the highest common divisor of 12532 and n?
52
Let z be (-27)/((-42)/36 - 20/60). Suppose -3*x = 3*v - 207, -3*x + 19 + 116 = 2*v. Calculate the highest common divisor of z and v.
18
Suppose -3*i + 56*u - 55*u = -895, -i + 305 = -2*u. What is the greatest common factor of 2871 and i?
99
Suppose -297 + 3497 = 40*a. Let c(i) = -i**2 - i. Let k be c(6). Let j = a + k. What is the highest common divisor of 38 and j?
38
Let w be 84/(-6) + -6 - (-1 - -1). Let j be (39 + -24)/(2/w*-2). What is the highest common divisor of 3 and j?
3
Suppose r = -5*y - 165, -5*r - 173 + 62 = 4*y. Let h = y - -52. Suppose 2*d = 5*d - 2*q - 30, 3*d - 24 = 4*q. What is the greatest common factor of h and d?
6
Let o(w) = 2*w**2 + 152909*w - 152877*w - w**2 - 22 + 65. Let i = 22 - 53. Let z be o(i). Calculate the greatest common factor of z and 4.
4
Suppose 0 = 5*m + 2*h - 4138, 39*h - 2 = 41*h. Calculate the highest common factor of 1548 and m.
36
Suppose 0 = 2*a - j - 24366, -3*a + 7*a = -5*j + 48774. Calculate the highest common factor of 18 and a.
18
Suppose 2*w + 14*j - 13*j = 22, -40 = -4*w - j. Let n(a) = 2*a**2 - 6*a - 8. Let d be n(w). Calculate the greatest common factor of 150 and d.
50
Suppose 5*z = -3*n + 2508, -446*z + 444*z = 18. What is the highest common factor of 184 and n?
23
Let b = 201 - 53. Suppose b = -2*y + 386. Let n(c) = c**3 - 5*c**2 + 52*c - 175. Let v be n(4). Calculate the greatest common divisor of v and y.
17
Let h be 3 + 4 + (-6 - -3). Let g be h + 57 + 6/3. Let b = -281 + 288. What is the highest common divisor of b and g?
7
Suppose -864092 - 117857 = -370*j - 62869. Calculate the highest common factor of j and 9.
9
Suppose 7*x - 720 = -8*x. Let n = -43 + x. Suppose n*b - 5*o - 108 - 137 = 0, -4*b - 5*o = -205. What is the highest common factor of 40 and b?
10
Suppose -3*y - 5*p = -1306, -5*y - 4*p = 629 - 2823. Let j = y + -226. What is the highest common factor of 24 and j?
24
Let s = -11 + 15. Suppose -x + 150 = 4*x. Suppose -5*r + x = -2*r. What is the greatest common divisor of r and s?
2
Let k(w) = 1175*w - 1357. Let z be k(8). What is the greatest common factor of z and 21?
21
Let s(k) = k**2 - 3*k - 9. Let q be s(-3). Suppose q*o + 38 = 866. Calculate the highest common divisor of 23 and o.
23
Let p = -3161 + 4376. What is the greatest common divisor of 18 and p?
9
Let p(l) = -4*l**3 - 5*l**2 - 7*l - 6. Let n be p(-4). Let w be 1 + (-6)/8 - 89/4. Let h = w - -44. What is the highest common divisor of n and h?
22
Let l(q) = -1219*q**3 - 8*q**2 + 26*q + 60. Let f be l(-2). What is the greatest common factor of 19 and f?
19
Let c = 0 + 12. Suppose 5*o = -u - 2, -5*u + 7 + c = -4*o. Let k be (15/6 - 3)/(o/22). What is the highest common factor of 88 and k?
11
Let f(b) = 14*b**3 - 685*b**2 - 31*b - 21. Let t be f(49). What is the highest common factor of 63 and t?
21
Let c(q) = 8*q - 65. Let r be c(20). Suppose -7*f + 80 = -r. Let t be f/1 - (-3 + -1 - -1). Calculate the highest common factor of t and 21.
7
Suppose 728229 = -119*m + 512*m. What is the greatest common divisor of m and 68?
17
Let w = -2163 - -2373. What is the greatest common divisor of w and 168?
42
Suppose 0 = -4*n + 38 + 46. Let k = 110 + -64. Let r be (k/4 - 1)*36/